0?
70
Calculate the highest common divisor of 23568156 and 24.
12
What is the greatest common divisor of 168759 and 2329?
17
What is the highest common divisor of 553572 and 2340?
36
What is the greatest common divisor of 132383051 and 1767?
589
Calculate the highest common factor of 313 and 36190625.
313
Calculate the greatest common factor of 10037538 and 8610.
1722
What is the highest common factor of 1212835 and 141?
47
What is the highest common factor of 265525 and 46454525?
6175
What is the greatest common divisor of 924485 and 12420?
115
Calculate the greatest common factor of 231615423 and 26.
13
Calculate the highest common divisor of 35528318 and 7.
7
What is the highest common factor of 686 and 2489480623?
343
What is the highest common factor of 1353654 and 67824?
2826
Calculate the highest common divisor of 5110430 and 23465.
1235
What is the greatest common divisor of 1036736 and 189344?
3104
What is the highest common divisor of 2246594 and 14?
14
Calculate the highest common factor of 7165 and 19762503.
1433
Calculate the highest common factor of 119097 and 17243.
401
What is the greatest common factor of 2380 and 542045?
595
Calculate the greatest common divisor of 58197571 and 18104.
2263
What is the greatest common factor of 31808 and 371532?
28
What is the greatest common divisor of 207405 and 248985?
495
What is the greatest common factor of 768631028 and 15592?
7796
Calculate the greatest common factor of 1553 and 64538021.
1553
Calculate the highest common divisor of 2272548823 and 2251.
2251
Calculate the highest common divisor of 247 and 16206320.
13
What is the highest common divisor of 236903498 and 130?
26
Calculate the greatest common divisor of 85263408 and 54.
54
What is the greatest common divisor of 3281 and 293403?
17
What is the highest common factor of 24468527 and 184?
23
What is the greatest common factor of 6572 and 10434693?
1643
Calculate the highest common factor of 162 and 16417.
1
Calculate the greatest common divisor of 8641896 and 60.
12
What is the greatest common factor of 16301997 and 4653?
423
What is the highest common factor of 3251910 and 17995?
305
What is the greatest common divisor of 2284576 and 21700?
868
Calculate the highest common factor of 64582 and 296550.
1318
Calculate the greatest common divisor of 168 and 5379843.
21
Calculate the highest common factor of 25595100 and 675.
225
Calculate the highest common divisor of 28 and 9825732.
28
Calculate the greatest common divisor of 454386 and 10212.
6
What is the greatest common divisor of 44895 and 1586655?
1095
Calculate the greatest common divisor of 1270926720 and 252.
252
What is the highest common divisor of 395606 and 158?
2
Calculate the greatest common divisor of 27609492 and 23124.
564
What is the greatest common factor of 4094008 and 544?
136
What is the greatest common factor of 52379374 and 708?
118
Calculate the greatest common divisor of 323412 and 1176.
12
Calculate the highest common factor of 256068 and 2202.
6
Calculate the highest common factor of 2043032 and 88.
8
Calculate the greatest common divisor of 237733218 and 270.
54
Calculate the greatest common divisor of 5 and 279542695.
5
What is the highest common divisor of 113 and 2602999?
1
Calculate the highest common factor of 40776840 and 225.
45
What is the greatest common factor of 51734310 and 188?
94
Calculate the highest common divisor of 3724 and 3018050.
14
Calculate the highest common divisor of 515984 and 231336.
952
What is the greatest common divisor of 5175797 and 3993?
11
Calculate the highest common divisor of 124160115 and 1743.
249
Calculate the highest common factor of 768811680 and 91.
91
Calculate the highest common factor of 128 and 57364.
4
Calculate the highest common divisor of 313250 and 1146250.
1750
What is the highest common factor of 75 and 1258829125?
25
Calculate the greatest common divisor of 236 and 674696.
4
Calculate the greatest common divisor of 1209632 and 3434432.
3296
Calculate the greatest common divisor of 40144 and 2807792.
208
What is the highest common factor of 2156 and 90926066?
1078
What is the highest common divisor of 320 and 198805?
5
What is the greatest common factor of 3677905 and 3465?
385
Calculate the greatest common factor of 11058 and 3515646.
114
What is the highest common factor of 18468 and 90156672?
2052
What is the highest common divisor of 499587627 and 132?
33
Calculate the highest common divisor of 276644 and 13087115.
713
Calculate the highest common factor of 12 and 12192312.
12
Calculate the highest common factor of 238 and 2598206254.
238
Calculate the greatest common factor of 10285 and 383449.
121
What is the greatest common factor of 1788438 and 40946?
694
Calculate the greatest common divisor of 46728 and 2102796.
36
Calculate the highest common factor of 18339120 and 6480.
720
What is the highest common divisor of 4606047 and 188?
47
Calculate the highest common divisor of 95713190 and 59880.
4990
What is the highest common factor of 4396 and 1901648?
28
Calculate the highest common divisor of 1596 and 4782948.
12
What is the highest common divisor of 9472890 and 2310?
210
Calculate the greatest common divisor of 35 and 81994045.
35
Calculate the highest common factor of 497 and 851249.
7
Calculate the highest common divisor of 82671 and 13141.
17
Calculate the highest common divisor of 185679 and 158733.
27
What is the greatest common factor of 453 and 8424592?
151
Calculate the greatest common factor of 60574 and 1349237.
977
Calculate the greatest common factor of 128 and 84988.
4
What is the greatest common divisor of 15093 and 4366011?
39
Calculate the greatest common divisor of 282 and 195852478.
94
What is the greatest common factor of 131920 and 2760620?
1940
Calculate the greatest common divisor of 1459822 and 4849.
13
What is the greatest common factor of 258 and 36204?
6
What is the highest common divisor of 102721786 and 1054?
1054
Calculate the greatest common factor of 14601252 and 516.
516
What is the greatest common divisor of 45 and 28648845?
45
Calculate the highest common divisor of 9685725 and 825.
75
What is the highest common factor of 1513048 and 136?
8
Calculate the greatest common factor of 206613462 and 786.
786
What is the greatest common divisor of 54894882 and 112?
14
Calculate the greatest common factor of 9324738 and 450585.
4743
Calculate the highest common factor of 3624 and 16569381.
453
What is the highest common factor of 80161 and 3439?
19
Calculate the greatest common factor of 544 and 39749672.
136
Calculate the highest common divisor of 4 and 972898.
2
What is the highest common divisor of 22780 and 1630620?
20
What is the greatest common divisor of 53 and 46251563?
53
What is the greatest common divisor of 8090 and 725600?
10
What is the highest common factor of 90 and 404970?
30
What is the highest common factor of 513 and 59748057?
27
Calculate the highest common divisor of 5327973 and 44919.
1449
What is the greatest common divisor of 356987 and 5084?
41
Calculate the highest common factor of 2834 and 2293578.
218
Calculate the highest common factor of 3564620 and 24.
4
Calculate the greatest common divisor of 222620163 and 402.
201
Calculate the highest common divisor of 81 and 103970502.
9
What is the greatest common factor of 284 and 19641866?
142
What is the greatest common divisor of 807 and 78219282?
807
Calculate the highest common divisor of 52 and 861414034.
26
What is the greatest common factor of 8647450 and 3188?
1594
Calculate the greatest common divisor of 65901 and 11061383.
1997
Calculate the greatest common factor of 9774015 and 261.
87
What is the greatest common factor of 1708090 and 1260?
10
Calculate the highest common divisor of 3299531 and 1687.
241
What is the highest common factor of 2272523 and 121?
11
Calculate the greatest common factor of 2448131 and 1659.
553
What is the greatest common divisor of 7079298 and 18?
6
What is the highest common divisor of 258 and 7781710?
86
What is the highest common factor of 34106439 and 129?
129
What is the highest common factor of 612890 and 116900?
1670
What is the greatest common factor of 4845828 and 36?
12
Calculate the highest common factor of 105891641 and 227.
227
Wh